= -n + 35. Let o = n + -26. Calculate the remainder when o is divided by 18.
14
Let x(k) = -8*k + 29. Let w be x(3). Calculate the remainder when 112 is divided by (2 - (w + 26))*-1.
25
Let h = 40 + -36. Let b be (h - 3) + (-3 - 1). What is the remainder when 10 is divided by (b/(-18)*4)/((-1)/(-3))?
0
What is the remainder when 292 is divided by 20592/5280 - 1/(-10)?
0
Let z be 0 + 4 + -1 + 1. Let f = z + 5. Let l = 1539 + -1514. Calculate the remainder when l is divided by f.
7
Let v = -245 + 242. Let p(g) = -2*g**3 + 3*g**2 + 8*g + 6. Calculate the remainder when p(v) is divided by 22.
19
Let w = 8972 + -8953. What is the remainder when 2412 is divided by w?
18
Suppose 3*o + 48*l - 332 = 44*l, -5*l = 4*o - 442. Calculate the remainder when 358 is divided by o.
34
Let j = 2034 - 1970. Calculate the remainder when 4092 is divided by j.
60
Let f(q) = q**3 - 27*q**2 + 19*q + 197. Let w(p) = -6*p + 34. Calculate the remainder when f(26) is divided by w(4).
5
Suppose -3*r = 79*n - 75*n - 57, -5*r + 73 = 3*n. What is the remainder when 186 is divided by r?
10
Let f(l) = 2*l**2 - 14*l + 6. Let o be f(10). Let t = -56 + o. Suppose -t = 4*z - 374. What is the remainder when z is divided by 23?
22
Suppose 18 = 2*x + 4*x. Suppose 0 = -2*u + 3*p - 4*p + 372, 3*u + x*p = 552. Suppose -4*w + u = -136. What is the remainder when w is divided by 12?
9
Suppose 0 = 24*o - 25*o - u + 134, -4*u = -o + 149. What is the remainder when o is divided by 20?
17
Calculate the remainder when 113 is divided by ((-1)/(-8))/(5/3560).
24
Suppose n - 4 = -z, -3*n + 33 - 21 = -5*z. Suppose 79 = -n*x - r + 247, 0 = x - 3*r - 42. What is the remainder when 83 is divided by x?
41
Let w(d) = 42*d**2 - 135*d + 400. Calculate the remainder when w(3) is divided by 167.
39
Let i(k) = -k**3 - 5*k**2 - 18*k - 49. Let g be i(-10). Suppose 25*v = 244 + g. What is the remainder when (-1)/(2 + 414/(-206)) is divided by v?
33
Let y = -1248 - -1252. Let w = 187 + -172. Calculate the remainder when w is divided by y.
3
Suppose 1355 - 7025 = -21*u. Let p = -257 + u. What is the remainder when 17 is divided by p?
4
Let m(g) = -1505*g + 108457. Let z = 0 - -1. What is the remainder when m(72) is divided by 0 - 0 - (-13 - z)?
13
Let b(o) = o**3 + 7*o**2 - 3*o - 7. Suppose 21 - 17 = -v + 2*y, -v + 4*y = 24. Calculate the remainder when b(-5) is divided by v.
10
Let s be (-4)/42 + (7 - (-14960)/84). Let z = 593 + s. Calculate the remainder when z is divided by 39.
37
Let k(v) = 91*v**2 - 6*v + 7. Let l be k(1). Suppose -4*j - 69 = -3*t + 20, 3*t - j = l. What is the remainder when t is divided by (-5)/(2/8*-2)?
1
Suppose -2*q = -3*q + 14. What is the remainder when -1 + (16/2 - 3 - -20) is divided by q?
10
Suppose -5*m - 8 = -23. Suppose -5*u = -m*d + 46, -6 = -3*u - 3. Calculate the remainder when d is divided by ((-25)/(-10))/(11/44).
7
Let p(y) = -22*y - 16 + 3 - 2 + 35*y. Calculate the remainder when p(8) is divided by 18.
17
Let y = 50 - 46. Suppose -k + 5 = y*k. What is the remainder when (-582)/(-9)*(k - (-4)/8) is divided by 25?
22
Let o(r) = 38*r + 50. Let t be o(-4). Let y = -91 - t. What is the remainder when 27 is divided by y?
5
Suppose -17 = -k - d, 78*k - 74*k = 2*d + 50. Calculate the remainder when 894 is divided by k.
12
Let s be 30534/98 + (-6)/(-14). Suppose -28*r + 52 = -s. What is the remainder when -6*1*31/(-3) is divided by r?
10
Let l = -676 - -679. Suppose 20*n = 22*n + 2*f - 144, -5*f + 206 = l*n. Calculate the remainder when n is divided by 43.
34
Let s(o) = -o**3 - 10*o**2 - 4*o - 129. Calculate the remainder when 1124 is divided by s(-11).
8
Let z be (-1 - 51/9)*(-504)/60. Suppose -6*r + 136 = -z. What is the remainder when -3*(-29 + (0 - 2)) is divided by r?
29
Let b(a) = -4*a**2 - 35*a + 434. Calculate the remainder when 542 is divided by b(-15).
11
Suppose -4*w - w + 15 = q, -4*w - q = -11. Let z = -129 - -39. Let r = z - -95. Calculate the remainder when r is divided by w.
1
Let q(u) = -11*u. Let t be q(3). Let k be 1 + 6 + t/11. Calculate the remainder when 2/(-4) + 226/k is divided by 15.
11
Let v(n) be the first derivative of -3*n**4/4 - n**3 + n**2/2 + 8*n - 122. What is the remainder when v(-4) is divided by 17?
12
Let l(o) = -o**2 + 54*o + 1356. Calculate the remainder when l(64) is divided by 355.
6
Let d = 702218 + -702048. Calculate the remainder when d is divided by (2 - -23)/(1 + 0).
20
Let d = -1515 - -2153. Suppose -10*k = k - d. Suppose -h - 3 = -24. Calculate the remainder when k is divided by h.
16
Calculate the remainder when 162 is divided by (-4)/5 + ((-2832)/(-60))/4.
8
Let y = 5870 - 5638. What is the remainder when y is divided by 133?
99
Suppose 2*q = q - 2*l + 25, -4*q = 2*l - 70. Suppose 39*r = 34*r + q. Calculate the remainder when 17 is divided by r.
2
Calculate the remainder when 410 is divided by 4/(-22) + 223380/561 - -6.
6
Calculate the remainder when 2*(-268)/(-8)*1 is divided by 54 + (-3*1 - 20/70*-7).
14
Calculate the remainder when 796 is divided by ((-65)/(-4))/(((-500)/(-150))/(32/6)).
16
Let y be 88/(-220) + (-184)/(-10). Suppose y*w - 1820 + 452 = 0. Calculate the remainder when 163 is divided by w.
11
Let g be ((-84)/224)/((-2)/16). Suppose -131 = -g*i + 5*k, k - 17 + 60 = i. Calculate the remainder when i is divided by 26.
16
What is the remainder when (1/2)/(3 + -1731*(-153)/(-88290)) is divided by 21?
18
Let l(w) = -w**3 + 7*w**2 - 10*w. Calculate the remainder when 476 is divided by l(3).
2
Let q(l) = -23 + 0 + 2 + 38*l - 11. Calculate the remainder when 128 is divided by q(2).
40
Let a(k) = 7*k - 14. Let m be a(0). Let r(s) = -5*s + 40. Let i(u) = 2*u - 13. Let b(x) = -11*i(x) - 4*r(x). Calculate the remainder when 43 is divided by b(m).
10
What is the remainder when 103 is divided by -8 + ((-1)/2 - -1)/((-196)/(-17248))?
31
Suppose -207 + 217 = -5*c. What is the remainder when (1/(-1) + 2)/(c/(-8)) is divided by 1?
0
Let n(l) = 13*l**2 - l + 6. Let u be n(-3). Suppose -6*p = 3*p - u. What is the remainder when 83 is divided by p?
13
Let u = -43006 + 43673. Calculate the remainder when u is divided by 91.
30
Suppose 5*n - 1061 = -4*s + 271, -4*n = -5*s + 1665. What is the remainder when s is divided by 22?
3
Let g be (135/(-15))/(2*(-3)/4). Calculate the remainder when 49 is divided by 54/7 - (g - 176/28).
1
Let v(g) = -158*g - 187. Calculate the remainder when v(-4) is divided by 156.
133
Let n(u) = -1 - u - 14*u**2 - 3 + 12*u**2 - 6*u**3. Suppose -12 = 2*x + 4*x. Calculate the remainder when 109 is divided by n(x).
33
Let s(o) = 8*o + 24. Let y be s(-5). What is the remainder when (-1)/(y/1192) - 2/(-4) is divided by 16?
11
Let i be 146/4 - (3/(-6))/(-1). Let w = -33 + i. Suppose 55 = 5*p + 3*g, w*p - 3*g - 33 = -5*g. Calculate the remainder when 21 is divided by p.
10
Suppose -4*o + 15*j + 744 = 17*j, 2*o + 5*j = 356. Let s = 100 + o. Calculate the remainder when s is divided by 17.
16
Suppose 2*j - j = -2, -p = -4*j - 47. Calculate the remainder when 150 is divided by p.
33
Let p be (-4)/(-6)*((-68)/8 + 10). Calculate the remainder when 30 is divided by 3*((-17)/(-3))/p.
13
Suppose 181*i - 22*i + 2*i = 7245. What is the remainder when 1318 is divided by i?
13
Let n = 190193 + -190187. Let v(w) = -w**2 + 8*w - 5. Let g be v(7). What is the remainder when n is divided by 2*g + (-1 - -2)?
1
Let b(g) = -3 + 901*g + g**2 - 902*g - 4. Let z be b(4). Suppose 0 = 2*c - 17 + z. What is the remainder when c is divided by 1?
0
Let f(d) = -3*d - 10*d + 2*d**2 - 68 - 17*d + d. Calculate the remainder when 28 is divided by f(17).
11
Let o = -535 + 561. What is the remainder when o/(-65) - ((-2376)/(-15))/(-1) is divided by 53?
52
Let a = -766 - -763. Let s(f) = 9*f**2 - 10*f - 12. Let x = -3 + 8. What is the remainder when s(a) is divided by x?
4
Suppose 0*j = -j + 20. Let g(q) = 3*q**3 + 5*q**2 - 2*q - 5. Let o be g(-2). What is the remainder when j is divided by 590/50 + (-1)/o?
8
Let z be (-164)/6*(-2 + 5). Let m = 119 - z. Suppose 3*x - m = 5*n, x - 201 = -2*x - 5*n. Calculate the remainder when x is divided by 24.
19
Let m = 8679 - 8659. Calculate the remainder when 4997 is divided by m.
17
Suppose -5 = -2*r - 3*b - 3, -4*b - 8 = 0. Let s(t) = 10*t**2 + 8*t - 15. What is the remainder when s(r) is divided by 47?
36
Let 